rs of a?
2, 3, 31
Suppose -394*f + 390*f - 4*h = -122424, -5*f + 153014 = -3*h. What are the prime factors of f?
2, 7, 1093
Suppose 4*m + 0 - 20 = 2*k, 5*m - 25 = k. Suppose 2*j = -m*h + 91, -2*j - 61 = h - 4*h. Suppose h*w = 15*w + 600. What are the prime factors of w?
2, 3, 5
Let n = -389 - -389. Suppose n = 18*g - 3463 - 5357. What are the prime factors of g?
2, 5, 7
Let j = -598 - -1130. Let u = -70 + j. What are the prime factors of u?
2, 3, 7, 11
Let z be 5/(-1)*6/(-10). Suppose -z*r - r = -64. Suppose r*d - 20*d + 80 = 0. List the prime factors of d.
2, 5
Let w = -4692 - -7530. What are the prime factors of w?
2, 3, 11, 43
Suppose 11*h = 7*h + 220. Let k = 55 - h. Suppose k = 7*b - 5*b - 196. What are the prime factors of b?
2, 7
Let l = -17 + 72. Suppose 189 = 3*m + 3*r, -14*m - l = -15*m - 3*r. Let g = 146 - m. List the prime factors of g.
79
List the prime factors of ((-17534)/(-33) + -6)/(((-42)/(-9))/7).
2, 197
List the prime factors of -9*(-3978 - -21)*2/9.
2, 3, 1319
Suppose -4*p - 8 = 0, 7*p - 8*p = -5*w + 4617. Suppose -a + w = 252. What are the prime factors of a?
11, 61
Suppose 2*q = -4*p + 540, -46*q + 43*q - 4*p + 802 = 0. List the prime factors of q.
2, 131
Let i be 10*2/(-25)*10/4. Let s(r) = -13*r**3 + 4*r**2 + 7*r + 7. What are the prime factors of s(i)?
113
Let b(u) = 2*u**3 + 5*u**2 - 9*u + 3. Let j be b(3). Suppose 21*a - 16*a = j. Suppose 4*s = 9*s - a, -5*n + 2*s + 714 = 0. List the prime factors of n.
2, 3
Let i = 438 - 430. Suppose 0*v - 5520 = -i*v. What are the prime factors of v?
2, 3, 5, 23
Let y = -74 - -88. Suppose 11 = -y*f - 31. List the prime factors of -1 + 12/f - -105.
2, 5
What are the prime factors of -13924*-3*2/12?
2, 59
Let z(w) be the first derivative of 11 - 19*w - 10*w**2 - 1/3*w**3. What are the prime factors of z(-14)?
5, 13
Let o be (4 - 196/8)/(2/(-36)). Suppose 9*y - 8*y = o. What are the prime factors of y?
3, 41
Let b = 273 - 406. List the prime factors of 3/2 + 4/8 - b.
3, 5
Suppose 33*l - 7505 = 28*l. Suppose -3*z - 616 = -l. Suppose -3*q - 2*q + z = 0. List the prime factors of q.
59
List the prime factors of 48*(-5)/(-20) + 45308 + -3.
45317
Let w = 1648 - 1100. Let a = w + -355. What are the prime factors of a?
193
Let l(o) = o**3 + 25*o**2 - 27*o - 23. Let t be l(-26). Suppose 5*y - 5*s = y + 3431, t*s - 15 = 0. List the prime factors of y.
2, 3
Suppose -g - 3780 = -16*g. What are the prime factors of 104524/g - 2/(-9)?
5, 83
Let n = -571 - -647. Suppose -4*b + 4*l + 7656 = 0, n = 2*b - 5*l - 3755. List the prime factors of b.
1913
Let u be (-489 - -2)*(-3)/3. Let t = u + 520. What are the prime factors of t?
19, 53
Suppose 21*b - 17884 - 19706 = 0. Suppose 0 = -4*y + 5118 - b. List the prime factors of y.
2, 13
Let m(q) = -46*q + 1. Let k be m(5). Let b = 678 + k. What are the prime factors of b?
449
Suppose -5*f = -2*w + 1006, -2*f + w - 806 = 2*f. Let n = 600 + f. List the prime factors of n.
2, 199
Suppose 4*d + 80 = 112. Suppose -5*w - 4*x = -6332, 4*w + 4*x - 5044 = d*x. What are the prime factors of w?
2, 79
Suppose 516463 - 104326 = 69*p. What are the prime factors of p?
3, 11, 181
Let r = 11040 - 5408. What are the prime factors of r?
2, 11
Suppose -6 = z - 3*a - 1, 4*z - 45 = -a. Let h(y) = y**3 - 9*y**2 - 7*y + 7. List the prime factors of h(z).
37
Let g be ((-24)/(-14))/(6/(-42)). Let r be g/(58/56 + (-22)/77). Let j(d) = -d**2 - 25*d + 36. List the prime factors of j(r).
2, 3, 5
Let b = -4165 - -8562. What are the prime factors of b?
4397
Let b = 22531 - 4460. List the prime factors of b.
17, 1063
Let i be (-1 - (-14 - 3))/(0 + -2). What are the prime factors of (-408056)/(-264) + i/(-6)?
7, 13, 17
Suppose 16*o = 13*o + 45. Suppose 0*y = 5*y - o. Suppose 3*i - 215 = 2*g - 7*g, 0 = 2*g + y*i - 86. List the prime factors of g.
43
Suppose 143 = -5*p + 2*b, -115 = 2*p + 3*p + 5*b. Let q = p + 81. Suppose v - q = 3*k + 79, 2*k = 2. List the prime factors of v.
2, 17
Suppose 15*w - 14*w = 0. Suppose 4*n + 4*t - 5*t - 427 = w, -t - 533 = -5*n. List the prime factors of n.
2, 53
Let v(n) = 6*n + 68. Let t be v(-11). Suppose -5*h - 5*f = -875, t*h - 3*f = -2*h + 700. Let a = h + -120. List the prime factors of a.
5, 11
Let l(i) = -i**3 - i**2 + i + 1. Let b be l(-1). Suppose 6*z - 3*z - 9 = b. Suppose 0*w - 4*w - 4*p = -804, 0 = -z*w - 2*p + 599. List the prime factors of w.
197
Let c(y) = 71*y**2 + 1. Let f be c(-1). What are the prime factors of (f/(-5))/(52/(-1040))?
2, 3
Suppose 5*y + 3 = 4*g, -1 = -3*y + g - 0*g. Let j be 27/(-72)*(-8)/y. Suppose j*h + 0*o - 40 = -4*o, -h - 5*o = -28. List the prime factors of h.
2
Let x = 253 + -249. Suppose 14*z - 10*z - x = 0, -b + 5*z = -1102. What are the prime factors of b?
3, 41
Let o = 839 + -595. Suppose 4*b = w - o, -41 = -4*w - b + 1020. Let g = w + -49. What are the prime factors of g?
5, 43
Let b be 4*(-5)/(-30) - 230/(-6). Let m(x) = 27 - x + 2*x**2 - b + 28. What are the prime factors of m(-5)?
71
Suppose 0 = 3*m - 4*m - 52. Let v = 37 + m. What are the prime factors of v*(-20)/12 - 4?
3, 7
Let g be 60/11 + (-6)/(-11). Suppose -459 = -3*z + 2*n - g*n, 3*z - 459 = -n. List the prime factors of z.
3, 17
Let r(v) = 23*v - 327. Let f be r(11). Let z be 169 + (-1 - -1) + 1. Let t = z + f. What are the prime factors of t?
2, 3
List the prime factors of (-534345)/(-30)*(-2)/(-7).
7, 727
Let s = -670 - -665. Let n(j) = -157*j - 293. List the prime factors of n(s).
2, 3, 41
Let a be (-2)/(-6) + -11 + (-276)/(-36). Let z(s) = -17*s**3 + 2*s**2 + 7*s + 24. List the prime factors of z(a).
2, 3, 5
List the prime factors of (362/1448)/(-1 - (-36965)/36964).
9241
Let a be (5/3)/((-24)/720). List the prime factors of (-3 + 7)*(a/(-4) + 3).
2, 31
Suppose -7*d + 3*d + 19304 = 0. Suppose -7*h + 704 + d = 0. Suppose 0 = 3*y, y - 2*y = -5*a + h. List the prime factors of a.
2, 79
Let x(p) = -6*p + 0*p + 4*p - 2 - 85*p**3 + 6*p - 2*p**2. Let j be x(1). Let r = -20 - j. List the prime factors of r.
5, 13
Suppose g - j = 520, -3*g + 1044 = -g - j. Let r = g + -252. List the prime factors of r.
2, 17
Suppose 5*z - v - 16511 = 0, 104*v - 6572 = -2*z + 99*v. What are the prime factors of z?
3301
Let y = -2499 - 27. What are the prime factors of (-49)/(-98) - (-1 + y/4)?
3, 211
Suppose -9*t + 5020 = -20477. Let i = t - 2023. What are the prime factors of i?
2, 3, 5
Let z(m) = 7*m**2 + 4*m - 6. Let h be z(1). What are the prime factors of (h - 0 - -13)/(4/130)?
3, 5, 13
Suppose 0 = -s + 131 + 699. Suppose -5*k = 5*k - s. Suppose -2*m - 5*d = -k + 17, 2*d - 54 = -2*m. What are the prime factors of m?
23
Let y(q) = q**3 + 64*q**2 + 382*q + 225. List the prime factors of y(-56).
3, 1307
Suppose -6*w - 2950 = -14*w + 4930. List the prime factors of w.
5, 197
Suppose 4*s = -23*s + 72765 + 21357. List the prime factors of s.
2, 3, 7, 83
What are the prime factors of 1/(-4)*(63/18 - 68190/4)?
4261
Let s be 2/8*-2 - 44121/42. List the prime factors of s/((-4 - -2) + 1).
1051
Suppose -9*o + 225 = -24*o. List the prime factors of 5*((-9)/o + (-702)/(-15)).
3, 79
Let c be -4*1/((-8)/6). Suppose 3*o - 4 = x + 1, -4*o - c*x = -24. List the prime factors of 1/(2/6)*(o + -2).
3
Let d(g) = -267*g - 20. What are the prime factors of d(-5)?
5, 263
Suppose -3*k = 3*f + 54, 9*k - 7*k = -f - 33. What are the prime factors of (7 - 2466/k)*5?
857
Suppose 4*h - j = -227, -127 = 5*h - 2*j + 153. Let s = 61 + h. Suppose 3*t = s*z - 300, -3*z + 2*t + 389 - 85 = 0. What are the prime factors of z?
2, 13
Suppose 336*a - 337*a - 238 = 0. What are the prime factors of 28/a + 5578/17?
2, 41
Let t(i) = 8*i - 2 - 2 - 81 - 6 + 20*i**2 + i**3. What are the prime factors of t(-17)?
2, 5
Let p(y) = -3*y**3 - 12*y**2 + 5*y - 9. Let a be (-1)/(4/8) - -2. Suppose 4*d = -a*d - 24. What are the prime factors of p(d)?
3, 59
What are the prime factors of 1*(-14102)/3*((-378)/28 + 12)?
11, 641
Let w = -73431 - -107566. What are the prime factors of w?
5, 6827
Suppose 5*z - 4*y = 4*z + 222, 0 = 3*z + 5*y - 666. Suppose 6*f = z + 156. What are the prime factors of f?
3, 7
Suppose 12*l - 6*l = 24. Suppose g - l*g = -96. Let y = 201 - g. What are the prime factors of y?
13
Let y = -4120 + 6732. Suppose 2*j - 6*j = -y. What are the prime factors of j?
653
Suppose c - 3*y = 50, -2*c = c + 2*y - 139.